et q(t) = -11*t + 6. Determine q(-3).
39
Let h(k) = -11*k - 130. What is h(-12)?
2
Let o(w) = -w**2 + 7*w. Give o(6).
6
Let r(h) = h**3 - 9*h**2 - 10*h + 7. Determine r(10).
7
Let z(p) = -2*p**2 + 30*p + 1. Determine z(15).
1
Let c(n) = n**3 + 12*n**2 + 10*n + 11. Give c(-11).
22
Let g(o) = -o - 38. What is g(-29)?
-9
Let l(c) = -c**3 + 12*c**2 + 44*c + 18. Determine l(15).
3
Let f(m) = m**3 + 5*m**2 + 3*m + 7. What is f(-4)?
11
Let j(c) = -c**3 + 2*c**2 + c - 4. Calculate j(3).
-10
Let y(u) = -2*u**2 - 76*u + 41. What is y(-39)?
-37
Let l(y) = -3*y + 19. What is l(7)?
-2
Let c(l) = -l**2 - 10*l - 33. Determine c(-10).
-33
Let q(c) = 17*c - 4. What is q(-1)?
-21
Let d(f) = -2*f + 23. Calculate d(1).
21
Let t(n) = 2*n - 38. What is t(9)?
-20
Let j(y) = -y**3 - 10*y**2 + 3*y - 3. Give j(-10).
-33
Let u(c) = c**2 - 6*c + 14. Determine u(4).
6
Let h(g) = -g**2 - 6*g - 8. What is h(-3)?
1
Let v(m) = m**2 - 9*m - 57. Determine v(17).
79
Let p(r) = r**2 - 14*r + 3. Calculate p(14).
3
Let t(o) = o**3 + 12*o**2 - 14*o - 3. Give t(-13).
10
Let h(u) = -u**3 - u**2 + 2*u. What is h(2)?
-8
Let n(b) = -4*b - 8. Determine n(-3).
4
Let o(s) = 8*s + 132. Give o(-25).
-68
Let x(o) = 2*o**3 - o**2 + 5*o - 4. Give x(1).
2
Let h(p) = p**3 - p**2 + 5*p - 18. Determine h(0).
-18
Let a(n) = -5*n - 40. Give a(0).
-40
Let h(c) = -2*c**3 + 6*c**2 + 16*c - 51. Calculate h(3).
-3
Let q(s) = -s - 15. What is q(-6)?
-9
Let w(x) = x**3 - 36*x**2 + 34*x + 31. Calculate w(35).
-4
Let h(m) = -m**3 + 3*m**2 - 2*m + 2. Calculate h(2).
2
Let i(y) = 2*y**3 - 19*y**2 + 21*y - 7. Determine i(8).
-31
Let v(w) = w**2 - 11*w + 11. Calculate v(8).
-13
Let o(r) = 2*r**2 - 11*r - 27. Determine o(0).
-27
Let m(n) = n**3 - 24*n**2 + 2*n - 47. Calculate m(24).
1
Let r(g) = g**2 - 13*g - 7. Calculate r(14).
7
Let v(o) = 48*o**2 - 2*o + 2. Calculate v(1).
48
Let a(w) = 2*w**3 - 10*w**2 - 5*w + 9. Determine a(5).
-16
Let r(j) = 5*j**2 + 9*j - 7. Determine r(2).
31
Let q(i) = -i**2 - 9*i + 30. What is q(-12)?
-6
Let l(t) = 9*t + 14. Determine l(7).
77
Let z(k) = -k**3 - 7*k**2 + 11*k + 19. Determine z(-8).
-5
Let u(w) = w**2 + 7*w + 13. What is u(-7)?
13
Let n(r) = 5*r - 7. Determine n(0).
-7
Let d(i) = -9*i - 358. Give d(-39).
-7
Let b(p) = p - 15. Give b(10).
-5
Let l(s) = 18*s**2 - 2*s. Give l(-1).
20
Let t(s) = s + 10. What is t(-9)?
1
Let n(q) = -q**3 - 31*q**2 - 2*q - 83. What is n(-31)?
-21
Let b(s) = -7*s**2 - 5*s - 3. Determine b(-3).
-51
Let k(w) = 52*w - 1. What is k(1)?
51
Let r(s) = s - 3. Give r(-7).
-10
Let t(i) = i + 48. Calculate t(0).
48
Let a(q) = -7*q - 119. Determine a(-15).
-14
Let u(c) = -c**3 + 6*c**2 + 11*c + 33. What is u(8)?
-7
Let l(d) = -6*d**3 + 2*d**2 + 2*d - 1. Determine l(-2).
51
Let p(b) = -2*b**2 + 58*b - 165. What is p(26)?
-9
Let u(b) = b**3 - 4*b**2 - 19*b - 8. What is u(7)?
6
Let d(j) = -j**2 - 2*j + 1. Calculate d(-2).
1
Let p(v) = -25*v - 323. Determine p(-13).
2
Let b(i) = -i**2 + 61*i - 51. Calculate b(60).
9
Let q(c) = 3*c**3 - 14*c**2 + 3*c + 13. What is q(4)?
-7
Let n(y) = y**2 - 30*y + 39. Give n(28).
-17
Let h(b) = b**2 - 28*b + 122. Calculate h(22).
-10
Let f(g) = g**3 - 2*g**2 - 17*g + 5. Calculate f(5).
-5
Let n(d) = -7*d - 8. What is n(-4)?
20
Let t(w) = w**3 + 4*w**2 + w - 24. Give t(-5).
-54
Let r(g) = g + 1. Calculate r(1).
2
Let g(d) = -22*d**3 - 2*d**2 - d. Give g(-1).
21
Let j(l) = 2*l - 6. Give j(-5).
-16
Let u(h) = -h**2 + 31*h - 89. Calculate u(27).
19
Let y(m) = -m**3 + 5*m**2 + 4*m - 4. Determine y(6).
-16
Let s(o) = 2*o**2 - 39*o + 41. What is s(18)?
-13
Let j(n) = -13*n + 110. Calculate j(9).
-7
Let f(g) = -g**3 + 3*g**2 - 2*g + 3. Give f(5).
-57
Let k(x) = 3*x**3 - 3*x**2 + 1. Calculate k(-2).
-35
Let z(g) = -g**2 + 90*g - 799. Give z(10).
1
Let z(m) = 2*m**3 + 4*m**2 - 9*m - 1. Give z(-4).
-29
Let j(l) = -7*l + 8. What is j(10)?
-62
Let g(v) = 6*v + 18. Give g(4).
42
Let y(w) = -w**2 + 18*w - 18. Calculate y(16).
14
Let n(q) = -13*q + 199. Calculate n(16).
-9
Let m(t) = t**2 - 6*t - 42. Determine m(10).
-2
Let j(n) = n**3 - 7*n**2 + 11*n + 4. Determine j(5).
9
Let m(p) = -107*p**2. Calculate m(1).
-107
Let a(n) = -n**3 + 7*n**2 + 8*n + 11. What is a(8)?
11
Let u(l) = -3*l**3 - 17*l**2 - 8*l + 16. Give u(-5).
6
Let t(f) = 6*f - 198. Determine t(28).
-30
Let r(u) = 37*u + 855. Give r(-23).
4
Let y(h) = -13*h - 2. Calculate y(6).
-80
Let p(w) = 2*w**2 + 13*w + 13. Give p(-4).
-7
Let l(h) = 2*h**2 - 11*h - 23. Give l(-2).
7
Let c(m) = m - 2. What is c(20)?
18
Let i(z) = 10*z - 7. What is i(-4)?
-47
Let s(n) = n**3 - 10*n**2 + 21*n - 107. Calculate s(9).
1
Let k(n) = 11*n**3 + 3*n**2 + n - 1. Determine k(-1).
-10
Let s(i) = i**2 + 2*i - 25. Give s(0).
-25
Let s(m) = -3*m**3 - 3*m**2 - 4*m - 4. Calculate s(-2).
16
Let o(c) = -c**2 - 28*c - 58. Give o(-26).
-6
Let i(d) = d**2 + 7*d - 4. What is i(-4)?
-16
Let f(u) = -10*u + 17. What is f(7)?
-53
Let h(t) = -21*t - 501. Calculate h(-24).
3
Let y(w) = -w**3 - 3*w**2 - 5*w. Calculate y(-4).
36
Let a(o) = -6*o**2 - 3*o. Calculate a(-2).
-18
Let w(u) = -3*u**3 - 2*u**2 + 1. Determine w(1).
-4
Let m(j) = 8*j**3 - 3*j**2 - 5*j + 6. What is m(2)?
48
Let x(a) = 4*a**2 + 23*a - 5. What is x(-5)?
-20
Let w(u) = 5*u**3 + u + 1. What is w(-1)?
-5
Let d(n) = -n**3 - 6*n**2 - n + 15. What is d(-5)?
-5
Let o(i) = 15*i + 53. Give o(-3).
8
Let o(m) = 2*m**2 + 4*m + 5. Determine o(-2).
5
Let n(f) = 9*f - 3. Determine n(1).
6
Let w(a) = -a**3 + 4*a. Give w(-3).
15
Let m(z) = -8*z**2 - 3. What is m(-2)?
-35
Let j(m) = -6*m**3 + 1. Determine j(1).
-5
Let a(v) = -v**2 - 20*v - 84. Determine a(-11).
15
Let t(s) = s**3 - 6*s**2 - 10*s + 6. What is t(7)?
-15
Let l(r) = 3*r - 5. What is l(4)?
7
Let d(s) = 2*s**2 - 11*s + 8. Determine d(5).
3
Let w(s) = -s**2 - 6*s - 4. What is w(-6)?
-4
Let d(t) = t**3 + 17*t**2 - 136*t + 44. Give d(-23).
-2
Let p(y) = -y**2 - 2*y + 5. What is p(-4)?
-3
Let l(x) = x**3 + 3*x**2 - 9*x + 8. Determine l(-5).
3
Let r(s) = -27*s**2. Calculate r(1).
-27
Let i(j) = j**3 - 12*j**2 + 11*j + 7. Give i(11).
7
Let r(a) = 11*a + 38. Give r(-5).
-17
Let m(q) = -q**3 - 7*q**2 - 6*q + 8. Determine m(-6).
8
Let w(a) = -9*a - 50. Calculate w(-5).
-5
Let g(c) = 6*c**2 - 11*c + 6. Give g(3).
27
Let j(r) = r**3 + 27*r**2 + 7. Determine j(-27).
7
Let t(z) = -4*z**2 - 6*z - 6. Give t(-2).
-10
Let q(z) = -4*z + 8. Give q(5).
-12
Let k(a) = 3*a**2 - 25*a + 2. Give k(8).
-6
Let f(t) = -2*t**3 + 7*t**2 - 5*t - 3. Calculate f(4).
-39
Let j(s) = 3*s**2 + 171*s - 9. Determine j(-57).
-9
Let c(k) = 6*k - 135. Determine c(21).
-9
Let l(p) = 6*p - 11. Calculate l(12).
61
Let c(p) = 7*p - 1. What is c(-4)?
-29
Let n(h) = 2*h - 4. Calculate n(3).
2
Let a(x) = -13*x + 314. Determine a(24).
2
Let z(r) = -15*r**3 - 2*r**2 + 5*r - 4. Give z(1).
-16
Let z(t) = 33*t - 1. What is z(-1)?
-34
Let i(a) = -a**3 - 4*a**2 - 5*a - 5. Give i(-4).
15
Let s(k) = -k**2 + 3*k + 19. Determine s(9).
-35
Let j(r) = -2*r**2 + 4*r - 3. What is j(2)?
-3
Let z(s) = -s**2 + 2*s + 1. Calculate z(-2).
-7
Let l(f) = -2*f**3 + 36*f**2 - 4*f + 64. Give l(18).
-8
Let m(j) = 13*j + 104. Give m(-19).
-143
Let y(p) = 100*p - 3097. Determine y(31).
3
Let o(p) = 5*p + 6. Give o(7).
41
Let z(s) = -3*s**2 - s + 1. Determine z(1).
-3
Let d(w) = w**2 + 12*w + 13. Calculate d(-17).
98
Let m(b) = -4*b**2 + 20*b. What is m(3)?
24
Let l(i) = -2*i**3 - 4*i**2 + 2*i + 4. Determine l(-3).
16
Let m(a) = -a**2 - 51*a - 569. Determine m(-35).
-9
Let j(t) = -t**2 - 18*t + 4. Give j(-20).
-36
Let m(g) = 6*g**2 - 2*g - 2. What is m(1)?
2
Let q(h) = 3*h - 25. Give q(10).
5
Let a(c) = 9*c**2 + 2*c - 2. What is a(-2)?
30
Let m(h) = 2*h**3 - 2*h**2 + 2*h + 1. Determine m(2).
13
Let q(m) = -m**3 + 4*m**2 - 3. Give q(4).
-3
Let i(f) = -f + 3. What is i(5)?
-2
Let t(w) = -w**3 - 18*w**2 - 2*w - 22. What is t(-18)?
14
Let t(x) = -2*x. Determine t(2).
-4
Let t(s) = s + 17. Calculate t(-16).
1
Let v(n) = 23*n - 138. Calculate v(6).
0
Let v(p) = -4*p**2 - 2*p + 7. What is v(3)?
-35
Let u(n) = -n**3 + 28*n**2 + n - 28. Determine u(28).
0
Let a(o) = -o**2 - 6*o. Calculate a(-8).
-16
Let z(d) = -d**3 + 11*d**2 + 12*d + 11. What is z(12)?
11
Let g(a) = -4*a - 7. Calculate g(3).
-19
Let s(z) = -5*z - 119. Calculate s(-26).
11
Let c(s) = -2*s**3 - 11*s**2 - 4*s + 4. Calculate c(-5